{"id":197,"date":"2022-03-15T12:00:52","date_gmt":"2022-03-15T11:00:52","guid":{"rendered":"https:\/\/frieden.compact-online.de\/?page_id=197"},"modified":"2022-03-17T19:28:43","modified_gmt":"2022-03-17T18:28:43","slug":"neutral","status":"publish","type":"page","link":"https:\/\/frieden.compact-online.de\/?page_id=197","title":{"rendered":"Neutral"},"content":{"rendered":"\t\t<div data-elementor-type=\"wp-page\" data-elementor-id=\"197\" class=\"elementor elementor-197\" data-elementor-post-type=\"page\">\n\t\t\t\t\t\t<section class=\"elementor-section elementor-top-section elementor-element elementor-element-b6a69e1 elementor-section-boxed elementor-section-height-default elementor-section-height-default\" data-id=\"b6a69e1\" data-element_type=\"section\" data-e-type=\"section\">\n\t\t\t\t\t\t<div class=\"elementor-container elementor-column-gap-default\">\n\t\t\t\t\t<div class=\"elementor-column elementor-col-100 elementor-top-column elementor-element elementor-element-3a98883\" data-id=\"3a98883\" data-element_type=\"column\" data-e-type=\"column\">\n\t\t\t<div class=\"elementor-widget-wrap elementor-element-populated\">\n\t\t\t\t\t\t<div class=\"elementor-element elementor-element-848d0a4 elementor-nav-menu__align-start elementor-nav-menu--dropdown-mobile elementor-nav-menu__text-align-aside elementor-nav-menu--toggle elementor-nav-menu--burger elementor-invisible elementor-widget elementor-widget-nav-menu\" data-id=\"848d0a4\" data-element_type=\"widget\" data-e-type=\"widget\" data-settings=\"{&quot;_animation&quot;:&quot;slideInLeft&quot;,&quot;_animation_delay&quot;:400,&quot;layout&quot;:&quot;horizontal&quot;,&quot;submenu_icon&quot;:{&quot;value&quot;:&quot;&lt;i class=\\&quot;fas fa-caret-down\\&quot; aria-hidden=\\&quot;true\\&quot;&gt;&lt;\\\/i&gt;&quot;,&quot;library&quot;:&quot;fa-solid&quot;},&quot;toggle&quot;:&quot;burger&quot;}\" data-widget_type=\"nav-menu.default\">\n\t\t\t\t<div class=\"elementor-widget-container\">\n\t\t\t\t\t\t\t\t<nav aria-label=\"Men\u00fc\" class=\"elementor-nav-menu--main elementor-nav-menu__container elementor-nav-menu--layout-horizontal e--pointer-none\">\n\t\t\t\t<ul id=\"menu-1-848d0a4\" class=\"elementor-nav-menu\"><li class=\"menu-item menu-item-type-post_type menu-item-object-page menu-item-home menu-item-174\"><a href=\"https:\/\/frieden.compact-online.de\/\" class=\"elementor-item\">Start<\/a><\/li>\n<li class=\"menu-item menu-item-type-post_type menu-item-object-page menu-item-253\"><a href=\"https:\/\/frieden.compact-online.de\/?page_id=247\" class=\"elementor-item\">Warum Krieg?<\/a><\/li>\n<li class=\"menu-item menu-item-type-post_type menu-item-object-page menu-item-203\"><a href=\"https:\/\/frieden.compact-online.de\/?page_id=197\" class=\"elementor-item\">Warum Neutralit\u00e4t?<\/a><\/li>\n<li class=\"menu-item menu-item-type-post_type menu-item-object-page menu-item-240\"><a href=\"https:\/\/frieden.compact-online.de\/?page_id=229\" class=\"elementor-item\">Hintergrundwissen<\/a><\/li>\n<li class=\"menu-item menu-item-type-custom menu-item-object-custom menu-item-706\"><a href=\"https:\/\/www.youtube.com\/@COMPACTTV\" class=\"elementor-item\">COMPACT-TV<\/a><\/li>\n<li class=\"menu-item menu-item-type-custom menu-item-object-custom menu-item-409\"><a href=\"https:\/\/www.compact-shop.de\/produktkategorie\/fanartikel\/\" class=\"elementor-item\">Material bestellen<\/a><\/li>\n<\/ul>\t\t\t<\/nav>\n\t\t\t\t\t<div class=\"elementor-menu-toggle\" role=\"button\" tabindex=\"0\" aria-label=\"Men\u00fc Umschalter\" aria-expanded=\"false\">\n\t\t\t<i aria-hidden=\"true\" role=\"presentation\" class=\"elementor-menu-toggle__icon--open eicon-menu-bar\"><\/i><i aria-hidden=\"true\" role=\"presentation\" class=\"elementor-menu-toggle__icon--close eicon-close\"><\/i>\t\t<\/div>\n\t\t\t\t\t<nav class=\"elementor-nav-menu--dropdown elementor-nav-menu__container\" aria-hidden=\"true\">\n\t\t\t\t<ul id=\"menu-2-848d0a4\" class=\"elementor-nav-menu\"><li class=\"menu-item menu-item-type-post_type menu-item-object-page menu-item-home menu-item-174\"><a href=\"https:\/\/frieden.compact-online.de\/\" class=\"elementor-item\" tabindex=\"-1\">Start<\/a><\/li>\n<li class=\"menu-item menu-item-type-post_type menu-item-object-page menu-item-253\"><a href=\"https:\/\/frieden.compact-online.de\/?page_id=247\" class=\"elementor-item\" tabindex=\"-1\">Warum Krieg?<\/a><\/li>\n<li class=\"menu-item menu-item-type-post_type menu-item-object-page menu-item-203\"><a href=\"https:\/\/frieden.compact-online.de\/?page_id=197\" class=\"elementor-item\" tabindex=\"-1\">Warum Neutralit\u00e4t?<\/a><\/li>\n<li class=\"menu-item menu-item-type-post_type menu-item-object-page menu-item-240\"><a href=\"https:\/\/frieden.compact-online.de\/?page_id=229\" class=\"elementor-item\" tabindex=\"-1\">Hintergrundwissen<\/a><\/li>\n<li class=\"menu-item menu-item-type-custom menu-item-object-custom menu-item-706\"><a href=\"https:\/\/www.youtube.com\/@COMPACTTV\" class=\"elementor-item\" tabindex=\"-1\">COMPACT-TV<\/a><\/li>\n<li class=\"menu-item menu-item-type-custom menu-item-object-custom menu-item-409\"><a href=\"https:\/\/www.compact-shop.de\/produktkategorie\/fanartikel\/\" class=\"elementor-item\" tabindex=\"-1\">Material bestellen<\/a><\/li>\n<\/ul>\t\t\t<\/nav>\n\t\t\t\t\t\t<\/div>\n\t\t\t\t<\/div>\n\t\t\t\t<div class=\"elementor-element elementor-element-9f8cf26 elementor-absolute elementor-invisible elementor-widget elementor-widget-image\" data-id=\"9f8cf26\" data-element_type=\"widget\" data-e-type=\"widget\" data-settings=\"{&quot;_animation&quot;:&quot;slideInRight&quot;,&quot;_animation_delay&quot;:400,&quot;_position&quot;:&quot;absolute&quot;,&quot;motion_fx_motion_fx_mouse&quot;:&quot;yes&quot;,&quot;motion_fx_tilt_effect&quot;:&quot;yes&quot;,&quot;motion_fx_tilt_speed&quot;:{&quot;unit&quot;:&quot;px&quot;,&quot;size&quot;:5.2,&quot;sizes&quot;:[]}}\" data-widget_type=\"image.default\">\n\t\t\t\t<div class=\"elementor-widget-container\">\n\t\t\t\t\t\t\t\t\t\t\t\t\t\t\t<img fetchpriority=\"high\" decoding=\"async\" width=\"800\" height=\"820\" src=\"https:\/\/frieden.compact-online.de\/wp-content\/uploads\/2022\/03\/taube.png\" class=\"attachment-large size-large wp-image-52\" alt=\"\" srcset=\"https:\/\/frieden.compact-online.de\/wp-content\/uploads\/2022\/03\/taube.png 1000w, https:\/\/frieden.compact-online.de\/wp-content\/uploads\/2022\/03\/taube-293x300.png 293w, https:\/\/frieden.compact-online.de\/wp-content\/uploads\/2022\/03\/taube-768x787.png 768w\" sizes=\"(max-width: 800px) 100vw, 800px\" \/>\t\t\t\t\t\t\t\t\t\t\t\t\t\t\t<\/div>\n\t\t\t\t<\/div>\n\t\t\t\t\t<\/div>\n\t\t<\/div>\n\t\t\t\t\t<\/div>\n\t\t<\/section>\n\t\t\t\t<section class=\"elementor-section elementor-top-section elementor-element elementor-element-d03413d elementor-section-boxed elementor-section-height-default elementor-section-height-default\" data-id=\"d03413d\" data-element_type=\"section\" data-e-type=\"section\" data-settings=\"{&quot;motion_fx_motion_fx_scrolling&quot;:&quot;yes&quot;,&quot;motion_fx_translateY_effect&quot;:&quot;yes&quot;,&quot;motion_fx_devices&quot;:[&quot;desktop&quot;],&quot;motion_fx_translateY_speed&quot;:{&quot;unit&quot;:&quot;px&quot;,&quot;size&quot;:4,&quot;sizes&quot;:[]},&quot;motion_fx_translateY_affectedRange&quot;:{&quot;unit&quot;:&quot;%&quot;,&quot;size&quot;:&quot;&quot;,&quot;sizes&quot;:{&quot;start&quot;:0,&quot;end&quot;:100}}}\">\n\t\t\t\t\t\t<div class=\"elementor-container elementor-column-gap-default\">\n\t\t\t\t\t<div class=\"elementor-column elementor-col-100 elementor-top-column elementor-element elementor-element-d34b235 elementor-invisible\" data-id=\"d34b235\" data-element_type=\"column\" data-e-type=\"column\" data-settings=\"{&quot;background_background&quot;:&quot;classic&quot;,&quot;animation&quot;:&quot;fadeIn&quot;,&quot;animation_delay&quot;:500}\">\n\t\t\t<div class=\"elementor-widget-wrap elementor-element-populated\">\n\t\t\t\t\t\t<div class=\"elementor-element elementor-element-3ed2c70 elementor-widget elementor-widget-text-editor\" data-id=\"3ed2c70\" data-element_type=\"widget\" data-e-type=\"widget\" data-widget_type=\"text-editor.default\">\n\t\t\t\t<div class=\"elementor-widget-container\">\n\t\t\t\t\t\t\t\t\t<div><p class=\"Text\">Warum Deutschland neutral bleiben muss<\/p><\/div>\t\t\t\t\t\t\t\t<\/div>\n\t\t\t\t<\/div>\n\t\t\t\t<div class=\"elementor-element elementor-element-c529853 elementor-widget elementor-widget-text-editor\" data-id=\"c529853\" data-element_type=\"widget\" data-e-type=\"widget\" data-widget_type=\"text-editor.default\">\n\t\t\t\t<div class=\"elementor-widget-container\">\n\t\t\t\t\t\t\t\t\t<p>Als Patriot muss man in erster Linie das deutsche Interesse verfolgen. Unser nationales Interesse ist nicht die Verteidigung der Ukraine, sondern die Verteidigung Deutschlands. Deutschland aber wird untergehen, wenn wir uns weiter in die Kriegsfront gegen Russland einreihen: Die Unterst\u00fctzung der Sanktionen sch\u00e4digt Deutschland genauso stark wie Russland (was vermutlich das Ziel der Yankees war); der Stop von Nord Stream 2 gef\u00e4hrdet unsere ohnedies labile Energieversorgung und macht uns abh\u00e4ngig von viel teurerem amerikanischen Fracking-Gas; der Ausschluss Russlands aus dem SWIFT-Zahlungsverkehr bringt unsere Exporte nach Russland zum Erliegen. Schlie\u00dflich und am wichtigsten: im Falle einer Eskalation ist Deutschland das nukleare Schlachtfeld, da die Kommandozentralen der Amis f\u00fcr das Kriegsgebiet haupts\u00e4chlich in Deutschland liegen und in B\u00fcchel\/Rheinland-Pfalz ihre Atomwaffen lagern.<\/p><p>Viele Mitb\u00fcrger meinen, sie seien &#8222;weder f\u00fcr Russland noch f\u00fcr Amerika\u201d. Aber gerade in diesem Fall m\u00fcssten sie f\u00fcr eine strikte Neutralit\u00e4t Deutschlands in diesem Konflikt k\u00e4mpfen. Nur wenn Deutschland sich demonstrativ von der Kriegsfront zur\u00fcckzieht, sich nicht an Sanktionen beteiligt und mit Nord Stream 2 seine Energieversorgung sichert, kann es einen eigenst\u00e4ndigen Weg zwischen Ost und West einschlagen und auch anderen L\u00e4ndern ein Beispiel bieten. Ein G\u00fcrtel neutraler Staaten von der Ostsee bis zum Mittelmeer k\u00f6nnte die Konfrontation der Atomm\u00e4chte verhindern und die Keimform eines souver\u00e4nen Europas sein, das die Besatzung der USA absch\u00fcttelt, ohne sich in die Arme Russland zu begeben.<\/p><p><strong>F\u00fcr eine neue Friedensbewegung<\/strong><\/p><p>Modell f\u00fcr eine neue Friedensbewegung k\u00f6nnte die alte von zu Beginn der 1980er Jahre sein. Diese vereinigte Moskau-Freunde und Moskau-Kritiker, die sich aber in einem einig waren: die Ablehnung neuer amerikanischer Raketen auf deutschem Boden, die unser Land zum Schlachtfeld gemacht h\u00e4tten. Es war Nationalpazifismus im besten Sinne des Wortes.<\/p>\t\t\t\t\t\t\t\t<\/div>\n\t\t\t\t<\/div>\n\t\t\t\t\t<\/div>\n\t\t<\/div>\n\t\t\t\t\t<\/div>\n\t\t<\/section>\n\t\t\t\t<section class=\"elementor-section elementor-top-section elementor-element elementor-element-296c202 elementor-section-boxed elementor-section-height-default elementor-section-height-default\" data-id=\"296c202\" data-element_type=\"section\" data-e-type=\"section\">\n\t\t\t\t\t\t<div class=\"elementor-container elementor-column-gap-default\">\n\t\t\t\t\t<div class=\"elementor-column elementor-col-100 elementor-top-column elementor-element elementor-element-d18c287 elementor-invisible\" data-id=\"d18c287\" data-element_type=\"column\" data-e-type=\"column\" data-settings=\"{&quot;background_background&quot;:&quot;classic&quot;,&quot;animation&quot;:&quot;fadeIn&quot;,&quot;animation_delay&quot;:0}\">\n\t\t\t<div class=\"elementor-widget-wrap elementor-element-populated\">\n\t\t\t\t\t\t<section class=\"elementor-section elementor-inner-section elementor-element elementor-element-ec6d662 elementor-section-boxed elementor-section-height-default elementor-section-height-default\" data-id=\"ec6d662\" data-element_type=\"section\" data-e-type=\"section\">\n\t\t\t\t\t\t<div class=\"elementor-container elementor-column-gap-default\">\n\t\t\t\t\t<div class=\"elementor-column elementor-col-50 elementor-inner-column elementor-element elementor-element-59dec65\" data-id=\"59dec65\" data-element_type=\"column\" data-e-type=\"column\">\n\t\t\t<div class=\"elementor-widget-wrap elementor-element-populated\">\n\t\t\t\t\t\t<div class=\"elementor-element elementor-element-2000002 elementor-widget elementor-widget-image\" data-id=\"2000002\" data-element_type=\"widget\" data-e-type=\"widget\" data-widget_type=\"image.default\">\n\t\t\t\t<div class=\"elementor-widget-container\">\n\t\t\t\t\t\t\t\t\t\t\t\t\t\t\t\t<a href=\"https:\/\/www.compact-online.de\">\n\t\t\t\t\t\t\t<img decoding=\"async\" width=\"500\" height=\"106\" src=\"https:\/\/frieden.compact-online.de\/wp-content\/uploads\/2022\/03\/Compact_neg.png\" class=\"attachment-large size-large wp-image-122\" alt=\"\" srcset=\"https:\/\/frieden.compact-online.de\/wp-content\/uploads\/2022\/03\/Compact_neg.png 500w, https:\/\/frieden.compact-online.de\/wp-content\/uploads\/2022\/03\/Compact_neg-300x64.png 300w\" sizes=\"(max-width: 500px) 100vw, 500px\" \/>\t\t\t\t\t\t\t\t<\/a>\n\t\t\t\t\t\t\t\t\t\t\t\t\t\t\t<\/div>\n\t\t\t\t<\/div>\n\t\t\t\t\t<\/div>\n\t\t<\/div>\n\t\t\t\t<div class=\"elementor-column elementor-col-50 elementor-inner-column elementor-element elementor-element-6a3be2a\" data-id=\"6a3be2a\" data-element_type=\"column\" data-e-type=\"column\">\n\t\t\t<div class=\"elementor-widget-wrap elementor-element-populated\">\n\t\t\t\t\t\t<div class=\"elementor-element elementor-element-085f9f4 elementor-icon-list--layout-inline elementor-align-start elementor-mobile-align-center elementor-list-item-link-full_width elementor-widget elementor-widget-icon-list\" data-id=\"085f9f4\" data-element_type=\"widget\" data-e-type=\"widget\" data-widget_type=\"icon-list.default\">\n\t\t\t\t<div class=\"elementor-widget-container\">\n\t\t\t\t\t\t\t<ul class=\"elementor-icon-list-items elementor-inline-items\">\n\t\t\t\t\t\t\t<li class=\"elementor-icon-list-item elementor-inline-item\">\n\t\t\t\t\t\t\t\t\t\t\t<a href=\"https:\/\/www.compact-online.de\/rechtliches\/impressum\/\">\n\n\t\t\t\t\t\t\t\t\t\t\t<span class=\"elementor-icon-list-text\">Impressum<\/span>\n\t\t\t\t\t\t\t\t\t\t\t<\/a>\n\t\t\t\t\t\t\t\t\t<\/li>\n\t\t\t\t\t\t\t\t<li class=\"elementor-icon-list-item elementor-inline-item\">\n\t\t\t\t\t\t\t\t\t\t\t<a href=\"https:\/\/www.compact-online.de\/rechtliches\/datenschutz\/\">\n\n\t\t\t\t\t\t\t\t\t\t\t<span class=\"elementor-icon-list-text\">Datenschutz<\/span>\n\t\t\t\t\t\t\t\t\t\t\t<\/a>\n\t\t\t\t\t\t\t\t\t<\/li>\n\t\t\t\t\t\t\t\t<li class=\"elementor-icon-list-item elementor-inline-item\">\n\t\t\t\t\t\t\t\t\t\t\t<a href=\"https:\/\/www.compact-online.de\/kontakt\/\">\n\n\t\t\t\t\t\t\t\t\t\t\t<span class=\"elementor-icon-list-text\">Kontakt<\/span>\n\t\t\t\t\t\t\t\t\t\t\t<\/a>\n\t\t\t\t\t\t\t\t\t<\/li>\n\t\t\t\t\t\t<\/ul>\n\t\t\t\t\t\t<\/div>\n\t\t\t\t<\/div>\n\t\t\t\t\t<\/div>\n\t\t<\/div>\n\t\t\t\t\t<\/div>\n\t\t<\/section>\n\t\t\t\t\t<\/div>\n\t\t<\/div>\n\t\t\t\t\t<\/div>\n\t\t<\/section>\n\t\t\t\t<\/div>\n\t\t","protected":false},"excerpt":{"rendered":"<p>Warum Deutschland neutral bleiben muss Als Patriot muss man in erster Linie das deutsche Interesse verfolgen. Unser nationales Interesse ist nicht die Verteidigung der Ukraine, sondern die Verteidigung Deutschlands. Deutschland aber wird untergehen, wenn wir uns weiter in die Kriegsfront gegen Russland einreihen: Die Unterst\u00fctzung der Sanktionen sch\u00e4digt Deutschland genauso stark wie Russland (was vermutlich [&hellip;]<\/p>\n","protected":false},"author":1,"featured_media":0,"parent":0,"menu_order":0,"comment_status":"closed","ping_status":"closed","template":"","meta":{"footnotes":""},"class_list":["post-197","page","type-page","status-publish","hentry"],"_links":{"self":[{"href":"https:\/\/frieden.compact-online.de\/index.php?rest_route=\/wp\/v2\/pages\/197","targetHints":{"allow":["GET"]}}],"collection":[{"href":"https:\/\/frieden.compact-online.de\/index.php?rest_route=\/wp\/v2\/pages"}],"about":[{"href":"https:\/\/frieden.compact-online.de\/index.php?rest_route=\/wp\/v2\/types\/page"}],"author":[{"embeddable":true,"href":"https:\/\/frieden.compact-online.de\/index.php?rest_route=\/wp\/v2\/users\/1"}],"replies":[{"embeddable":true,"href":"https:\/\/frieden.compact-online.de\/index.php?rest_route=%2Fwp%2Fv2%2Fcomments&post=197"}],"version-history":[{"count":28,"href":"https:\/\/frieden.compact-online.de\/index.php?rest_route=\/wp\/v2\/pages\/197\/revisions"}],"predecessor-version":[{"id":443,"href":"https:\/\/frieden.compact-online.de\/index.php?rest_route=\/wp\/v2\/pages\/197\/revisions\/443"}],"wp:attachment":[{"href":"https:\/\/frieden.compact-online.de\/index.php?rest_route=%2Fwp%2Fv2%2Fmedia&parent=197"}],"curies":[{"name":"wp","href":"https:\/\/api.w.org\/{rel}","templated":true}]}}